the prime factors of 223237.
7, 31891
List the prime factors of 2632780.
2, 5, 131639
List the prime factors of 352952.
2, 44119
What are the prime factors of 4426903?
13, 503, 677
List the prime factors of 95696.
2, 5981
What are the prime factors of 67837?
7, 11, 881
What are the prime factors of 51224?
2, 19, 337
List the prime factors of 796409.
796409
What are the prime factors of 4149110?
2, 5, 7, 59273
List the prime factors of 3713463.
3, 13, 17, 1867
What are the prime factors of 427898?
2, 213949
List the prime factors of 716840.
2, 5, 17921
What are the prime factors of 6138748?
2, 7, 11, 19, 1049
List the prime factors of 187161.
3, 13, 4799
What are the prime factors of 128425?
5, 11, 467
What are the prime factors of 217515?
3, 5, 17, 853
List the prime factors of 2550182.
2, 73, 17467
List the prime factors of 333647.
333647
List the prime factors of 250360.
2, 5, 11, 569
List the prime factors of 7058497.
7058497
What are the prime factors of 540230?
2, 5, 89, 607
What are the prime factors of 4131866?
2, 31, 66643
List the prime factors of 614116.
2, 153529
What are the prime factors of 28756816?
2, 11, 109, 1499
List the prime factors of 582747.
3, 11, 17659
List the prime factors of 876342.
2, 3, 146057
What are the prime factors of 83396?
2, 20849
What are the prime factors of 33310568?
2, 4163821
What are the prime factors of 197327?
13, 43, 353
List the prime factors of 546787.
67, 8161
List the prime factors of 23138529.
3, 23, 335341
What are the prime factors of 18246243?
3, 6082081
List the prime factors of 769047.
3, 256349
List the prime factors of 64217.
64217
List the prime factors of 121947.
3, 7, 5807
List the prime factors of 1555635.
3, 5, 137, 757
List the prime factors of 1646472.
2, 3, 31, 2213
What are the prime factors of 157219?
157219
List the prime factors of 1746124.
2, 436531
What are the prime factors of 55559?
7, 7937
What are the prime factors of 2472599?
17, 37, 3931
List the prime factors of 212752.
2, 13297
What are the prime factors of 51013?
139, 367
What are the prime factors of 24209061?
3, 8069687
What are the prime factors of 3283009?
3283009
List the prime factors of 1372549.
1372549
List the prime factors of 1212024.
2, 3, 11, 4591
List the prime factors of 400679.
400679
What are the prime factors of 8771148?
2, 3, 243643
List the prime factors of 127169.
7, 37, 491
List the prime factors of 314932.
2, 43, 1831
What are the prime factors of 34456889?
43, 107, 7489
What are the prime factors of 753798?
2, 3, 73, 1721
List the prime factors of 13941.
3, 1549
What are the prime factors of 6129022?
2, 181, 16931
What are the prime factors of 288708?
2, 3, 7, 491
What are the prime factors of 7981253?
7, 23, 89, 557
List the prime factors of 4614644.
2, 19, 60719
What are the prime factors of 195025?
5, 29, 269
List the prime factors of 3049623.
3, 179, 631
List the prime factors of 621718.
2, 19, 16361
What are the prime factors of 364747?
364747
What are the prime factors of 375059?
375059
List the prime factors of 1606508.
2, 401627
List the prime factors of 53549.
53549
List the prime factors of 1682970.
2, 3, 5, 56099
List the prime factors of 37301.
11, 3391
What are the prime factors of 1959187?
37, 52951
What are the prime factors of 1554500?
2, 5, 3109
What are the prime factors of 8279336?
2, 13, 79609
List the prime factors of 2145389.
2145389
What are the prime factors of 8606588?
2, 2151647
List the prime factors of 2600729.
1217, 2137
List the prime factors of 1892186.
2, 946093
What are the prime factors of 4141801?
73, 56737
What are the prime factors of 732090?
2, 3, 5, 23, 1061
List the prime factors of 25623690.
2, 3, 5, 854123
List the prime factors of 4860299.
4860299
List the prime factors of 657455.
5, 23, 5717
What are the prime factors of 1251231?
3, 569, 733
List the prime factors of 225425.
5, 71, 127
What are the prime factors of 5897891?
41, 97, 1483
List the prime factors of 1350304.
2, 42197
What are the prime factors of 1339155?
3, 5, 29759
What are the prime factors of 284823?
3, 7, 11, 137
What are the prime factors of 60639?
3, 17, 29, 41
What are the prime factors of 150729?
3, 47, 1069
What are the prime factors of 385142?
2, 192571
What are the prime factors of 6001028?
2, 11, 29, 4703
What are the prime factors of 9365986?
2, 7, 668999
What are the prime factors of 2158294?
2, 1079147
List the prime factors of 4194417.
3, 1398139
What are the prime factors of 516545?
5, 17, 59, 103
List the prime factors of 1161853.
7, 11, 79, 191
What are the prime factors of 14577?
3, 43, 113
What are the prime factors of 16386176?
2, 313, 409
What are the prime factors of 771418?
2, 385709
What are the prime factors of 38441?
13, 2957
What are the prime factors of 1002298?
2, 11, 29, 1571
What are the prime factors of 13251?
3, 7, 631
What are the prime factors of 3678548?
2, 89, 10333
List the prime factors of 175117.
17, 10301
List the prime factors of 3901127.
3901127
List the prime factors of 21016787.
11, 101, 18917
List the prime factors of 5336689.
5336689
What are the prime factors of 132734?
2, 7, 19, 499
List the prime factors of 121466.
2, 60733
What are the prime factors of 7113535?
5, 11, 13, 9949
What are the prime factors of 377589?
3, 125863
List the prime factors of 1146906.
2, 3, 67, 317
List the prime factors of 30091836.
2, 3, 17, 8677
What are the prime factors of 21633?
3, 7211
List the prime factors of 62861.
62861
What are the prime factors of 1195809?
3, 277, 1439
List the prime factors of 410454.
2, 3, 11, 691
What are the prime factors of 614234?
2, 31, 9907
What are the prime factors of 661259?
661259
List the prime factors of 1768484.
2, 442121
List the prime factors of 16501694.
2, 11, 750077
List the prime factors of 45630.
2, 3, 5, 13
What are the prime factors of 5781614?
2, 29, 83, 1201
What are the prime factors of 157081?
157081
List the prime factors of 18760989.
3, 13, 481051
List the prime factors of 16407061.
11, 89, 16759
List the prime factors of 38072.
2, 4759
What are the prime factors of 1199765?
5, 7, 59, 83
List the prime factors of 1292576.
2, 31, 1303
List the prime factors of 7157806.
2, 3578903
List the prime factors of 272040.
2, 3, 5, 2267
List the prime factors of 41142.
2, 3, 6857
List the prime factors of 301531.
301531
What are the prime factors of 737977?
227, 3251
What are the prime factors of 79565?
5, 15913
List the prime factors of 10088374.
2, 5044187
What are the prime factors of 144255?
3, 5, 59, 163
What are the prime factors of 199342?
2, 11, 13, 17, 41
What are the prime factors of 6731171?
6731171
What are the prime factors of 5676069?
3, 7, 31, 8719
List the prime factors of 3133635.
3, 5, 23, 31, 293
List the prime factors of 1078393.
1078393
What are the prime factors of 395573?
17, 23269
What are the prime factors of 249877?
79, 3163
What are the prime factors of 112878?
2, 3, 6271
List the prime factors of 49222.
2, 24611
List the prime factors of 241958.
2, 311, 389
What are the prime factors of 6602897?
7, 134753
List the prime factors of 734641.
163, 4507
What are the prime factors of 912907?
59, 15473
What are the prime factors of 12200402?
2, 6100201
What are the prime factors of 21790562?
2, 10895281
List the prime factors of 8119769.
7, 1159967
List the prime factors of 19434786.
2, 3, 7, 462733
List the prime factors of 6409189.
6409189
What are the prime factors of 738365?
5, 147673
List the prime factors of 1355950.
2, 5, 47, 577
What are the prime factors of 219795?
3, 5, 14653
List the prime factors of 7951729.
7951729
List the prime factors of 36293.
36293
List the prime factors of 1391391.
3, 29, 1777
List the prime factors of 21330773.
683, 31231
List the prime factors of 4715905.
5, 79, 11939
List the prime factors of 1807847.
233, 7759
What are the prime factors of 252181?
252181
List the prime factors of 1694415.
3, 5, 37, 43, 71
List the prime factors of 2442600.
2, 3, 5, 23, 59
What are the prime factors of 4939760?
2, 5, 7, 8821
List the prime factors of 151550.
2, 5, 7, 433
What are the prime factors of 101033?
71, 1423
List the prime factors of 18314606.
2, 2843, 3221
What are the prime factors of 1466078?
2, 19, 41, 941
What are the prime factors of 3034071?
3, 103